at is the highest common divisor of s and 182?
14
Let q(u) = u**3 + 38*u**2 + 340*u - 36. Let g be q(-15). What is the greatest common divisor of g and 9?
3
Let z = 4330 - 4132. Calculate the greatest common factor of 2358 and z.
18
Suppose -w - 6494 = -2*y, 9742 = 10*y - 7*y - 2*w. What is the highest common divisor of 6 and y?
6
Let u(a) = -a**3 + 17*a**2 - 28*a. Let v be u(15). Suppose 14*m = 11*m + v. What is the highest common divisor of 8 and m?
2
Let l(u) = -u**3 - 5*u**2 - 6*u - 2. Suppose 8*k + 650 = -38. Let a = 82 + k. Let x be l(a). What is the greatest common factor of 12 and x?
6
Let r = -6154 - -6166. What is the highest common factor of r and 204?
12
Let q = -40 - -57. Let f be (-7 - 0) + q*3. Calculate the highest common factor of 4 and f.
4
Suppose -2*f - 232 = 3*d, 2*f + 5 = 7. Let i = 90 + d. Calculate the highest common factor of i and 72.
12
Suppose -5*t = -4*o - 3031, 24 = 79*o - 75*o. What is the highest common factor of 13 and t?
13
Let v(m) = 2*m**3 + 21*m**2 + 6*m - 22. Let t be v(-10). Suppose 16*s - t*s + 96 = -4*b, 4*s + b = 147. Calculate the highest common divisor of 152 and s.
38
Suppose 187*a - 40 = 182*a. Suppose 0 = -23*y + a*y + 5160. Suppose 2*c - y = -192. Calculate the highest common divisor of c and 4.
4
Suppose 0*c + 666 = 3*c. Suppose -g - 2*y = 91 - 83, -2*y = -3*g + 32. What is the highest common factor of g and c?
6
Let w(p) = -17*p + 44. Let d be w(2). Let z = d - -35. Let x(c) = c**2 - 7. Let k be x(-5). Calculate the highest common factor of k and z.
9
Let q be (9 + (-3711)/(-7))*(6 + 1). Suppose 7*x = q - 197. Calculate the highest common factor of x and 7.
7
Let j = 52 + -22. Suppose 8 + 1654 = 2*q. Suppose 837*s - 630 = q*s. Calculate the greatest common factor of s and j.
15
Suppose -421 = 2*i + 4*d + 9, 3*d - 838 = 4*i. Let m = i + 221. Let j(o) = 80*o**3 + o**2 - 1. Let w be j(1). What is the highest common factor of m and w?
10
Let b = 29 - 11. Suppose 15*v + 3 - 18 = 0. Let x be (165/60 + 4/v)*4. What is the greatest common factor of x and b?
9
Let b be ((-165)/(-25))/(-11)*-5. Suppose 7 + 2 = 3*z. Suppose 3*a - 5*a + z*t = -90, 0 = b*a + t - 146. Calculate the highest common divisor of a and 12.
12
Suppose 40*b - 3249 = 1511. What is the greatest common divisor of 9044 and b?
119
Let k = 4381 - 4115. What is the greatest common factor of 2090 and k?
38
Let o be 696 - (21/1 + -7). Calculate the greatest common divisor of o and 308.
22
Let h = 4897 + -4891. Calculate the greatest common factor of h and 1584.
6
Suppose i - 3*h - 54 = 0, -39 = -i - 12*h + 10*h. Calculate the greatest common divisor of 160 and i.
5
Let g(y) = -18*y**2 - 220*y**3 - 20*y - 226*y**3 + 445*y**3 - 3. Let j be g(-17). Calculate the highest common divisor of 12 and j.
12
Suppose -264 = -8*g + 7928. Let s = g + -673. What is the highest common factor of s and 13?
13
Let v be (19 + -16)*(124/3 - -1). Suppose -450 = 124*g - v*g. Calculate the greatest common factor of 6 and g.
6
Let x(i) = -54*i**3 + 14*i**2 + 25*i - 11. Let s be x(-4). What is the highest common factor of s and 43?
43
Let y(c) = 2*c - 38. Let s be y(25). Suppose 0 = f - 2, j = -j + 4*f - 130. Let q = j + 109. Calculate the greatest common divisor of q and s.
12
Let o = -4327 + 5095. Calculate the greatest common factor of 72 and o.
24
Suppose -4*y = 2*t - 817 - 1291, -y + 3*t = -534. Suppose -130*n = -132*n + y. Calculate the highest common factor of 48 and n.
24
Suppose -4*l - 26 = -86. Suppose 7*r - l = 4*r. Suppose -2*d - 2 + 42 = 0. What is the greatest common divisor of d and r?
5
Let x = 378563 + -378365. Suppose -y + z = -4*y + 160, 62 = y - 4*z. What is the greatest common divisor of y and x?
18
Let k be (-36)/(-21)*(-21)/(-6). Let d = -6 - -13. Suppose 0*a - a + 10 = 4*z, d = -z - 5*a. What is the greatest common divisor of z and k?
3
Let n = 3741 - 3664. What is the greatest common divisor of 1925 and n?
77
Let z be ((-23)/((-1449)/468))/(2/7). Suppose -l = -z*c + 27*c - 633, 0 = -4*l + c + 2552. Calculate the highest common factor of 7 and l.
7
Suppose -n + o = -6*n + 116, 0 = 3*n - o - 76. Calculate the greatest common divisor of n and 992.
8
Let i = -37437 + 37455. Suppose -4*z = -k - 44, -11 = -4*z - 2*k + 45. What is the highest common factor of i and z?
6
Let a(i) = -51*i - 2211. Let n be a(-45). What is the highest common factor of n and 5964?
84
Let v be (0 - (-1)/1)/((-94)/(-20774)). What is the greatest common divisor of v and 143?
13
Suppose 3604 = j + 226. Suppose j = 5*m + o, 0*o - 2034 = -3*m + 3*o. What is the greatest common divisor of 52 and m?
52
Let d(s) = 183*s - 2563. Let u be d(15). Calculate the highest common divisor of u and 154.
14
Let i be 841 - (-1 + -8) - 6/(-2 + -4). Calculate the greatest common factor of i and 185.
37
Suppose 3*h + h = -2*w + 66, 0 = 4*h + 3*w - 67. Let a(d) = 22 + 17*d - h*d + 22. Let x be a(-26). Calculate the highest common divisor of x and 72.
18
Let f(v) = -619 - 2*v**2 + 19*v + 675 + 3*v**2. Let j be f(-17). Calculate the greatest common divisor of j and 209.
11
Let p = 828 - 780. Let u = 59 + 61. What is the greatest common divisor of u and p?
24
Let f(n) = n**3 - 2*n**2 - 131*n + 20. Let y be f(-9). What is the greatest common factor of 140 and y?
28
Let z(u) = -u + 12. Let g be z(8). Let k = 19 - g. Let r = -1317 - -1322. Calculate the highest common divisor of r and k.
5
Let k be (-16 + 2)*1/(2 + -3). Suppose k*d = -8*d + 4818. Calculate the highest common divisor of d and 73.
73
Suppose 2*t + 29 = -5*j + 279, 0 = -4*t. Calculate the highest common factor of 14 and j.
2
Suppose -u = -5*o + 1615, o - 126 - 183 = 3*u. Suppose 3*r + p = o, -r + 108 = p - 6*p. Calculate the highest common factor of 12 and r.
12
Let j = 649 + -589. Let b = -64 + 38. Let h = 41 + b. Calculate the greatest common divisor of h and j.
15
Suppose -4*u + 3*t = -580, -t = -4*u - 78 + 658. Let o(p) = 42 + u*p - 73*p - 71*p. Let k be o(0). What is the highest common factor of 14 and k?
14
Suppose 3*q + 1426 = 4*r + q, 3*r - 1069 = 2*q. Let b = 3205 - 3184. What is the greatest common factor of b and r?
21
Suppose -2*j - 4*x - 49 = -65, -j + x = -23. Calculate the highest common factor of j and 44.
2
Let v = 154 + -148. Let c(b) = 23*b + 335. Let t be c(v). What is the highest common divisor of 11 and t?
11
Suppose 19*v = 31 + 26. Let q be (125/60 - (-3)/12)*v. Calculate the highest common factor of q and 7.
7
Let s = -1898 - -2059. Calculate the greatest common factor of s and 368.
23
Let d = 4847 - 2325. Calculate the highest common divisor of 104 and d.
26
Suppose 24*z = 1913 + 31. What is the highest common factor of z and 333?
9
Let r(x) = -2*x**3 + 2*x**2 - 3*x + 2. Let b be r(1). Let t be 12/8*-20 - b. Let c = -28 - t. Calculate the highest common factor of c and 5.
1
Let c(a) = -2*a**3 - a + 56. Let r be c(0). Suppose 4*p + 264 = 3*l, l + 24*p - 75 = 21*p. What is the highest common factor of r and l?
28
Suppose 1979 - 627 = 26*i. Suppose 3*q - 391 = j + 3*j, -4*q = -4*j - 520. Let m = q - i. What is the greatest common factor of 7 and m?
7
Let r = 61 - 16. Let i be (2384/(-32) + (-3)/6)*-1. What is the highest common divisor of i and r?
15
Let n = 15 - 2. Let d(z) = 2*z - 194. Let r be d(0). Let q = -51 - r. What is the highest common factor of n and q?
13
Suppose 2*b - 399 = 5*z, 5*z - 61 + 834 = 4*b. What is the greatest common factor of 2189 and b?
11
Let s(i) = 50*i + 19. Let y be s(2). Suppose -y - 97 = -6*u. What is the greatest common divisor of 666 and u?
18
Suppose -61*i = -65*i + 16. Suppose 0 = -3*y + 3*l + 369, i*l + 1 = -15. Calculate the highest common factor of 7 and y.
7
Let h(v) = v**2 + 21. Let j be h(0). Suppose -w = 4*m - 2099, -7*m + 8*m - 2*w = 527. Calculate the highest common factor of m and j.
21
Suppose -392*w = -388*w - 260. Let i = -33 + w. Calculate the highest common factor of i and 112.
16
Let a = -505 - -502. Let h = 549 + a. What is the greatest common divisor of 14 and h?
14
Let d be (-6)/(-5)*((-444)/24 - -26). Let c = 265 - 178. What is the highest common divisor of c and d?
3
Let s(v) = -v**2 - 8*v + 94. Let h be s(-13). Suppose -d - b + 845 = 0, -d + 4*b = -497 - 328. What is the greatest common divisor of h and d?
29
Suppose 324855 = 60*k - 232185. What is the h